o**5 + 0 + 20*o - 3/2*o**2 - 11/12*o**4 + 5/3*o**3. Determine s(10).
-3
Let z = 48 - 42. Let j(y) = -33*y + 16*y + y**2 + 1 + z*y**3 + 15*y. Determine j(1).
6
Let l be (12/(-9))/((-6)/18). Let j(q) be the third derivative of 5*q**2 + 0 + 0*q - 1/60*q**5 + 5/24*q**l + 1/6*q**3. Calculate j(5).
1
Let k(x) = -154 + 301 - 12*x - 148. Calculate k(-3).
35
Let o(k) = k**2 - 8*k + 9. Suppose 4*b = -b + 35. Let n be o(b). Let g(d) = -6 - d**3 + 2*d**n - 3*d**2 - 4*d**2 - 7*d. Determine g(-4).
6
Let u(i) = i**3 + 13*i**2 - 14*i - 9. Suppose 337 + 181 = -37*s. Determine u(s).
-9
Suppose 17*g + 8 = 21*g. Let k(b) = -b**g - 7*b**2 - 2*b + 7*b**2. Calculate k(3).
-15
Let d(w) = -w**3 + w - 7. Let r = 11 + 2. Suppose -u - 2 = -r. Let l = u - 11. What is d(l)?
-7
Let j(n) = -2*n**3 - 3 + 0*n**3 - 5*n**2 + n**3. Let r(z) = 2*z + 42. Let f be r(-23). Give j(f).
-19
Let s = 6 + -3. Let j be 4 - (39 - s)/(-4). Suppose -4*z - 3 = j. Let c(m) = m**3 + 3*m**2 - 6*m - 5. What is c(z)?
3
Let k(f) = -7*f**2 + 2*f + 7. Let w(d) = -20*d**2 + 5*d + 21. Let i(s) = 17*k(s) - 6*w(s). Let p(x) = x. Let z(j) = -i(j) - p(j). Suppose 5 + 0 = -a. Give z(a).
7
Let p(g) = -9 + 3 - 5*g**2 - g**3 - 3*g - 3*g. Suppose 18*w - 390 = -462. Calculate p(w).
2
Let u = -1587 + 1583. Let l(i) = -3*i - 2. What is l(u)?
10
Let b be ((-9)/(-2))/(7/(168/(-9))). Let s(q) = q**2 + 15*q + 26. Give s(b).
-10
Suppose 8 = -2*v - 12. Let q = v + 10. Let p(f) = f**2 + 6*f - 3*f - 2*f + 6 + 0*f. Give p(q).
6
Let h(m) = 7*m - 277*m**2 + m**3 + 9 - 2 + 281*m**2. Calculate h(-3).
-5
Let w(a) = 5*a + 0 + 8*a - 14*a + 4. Let i be 4/(-18) - (-4)/18. Let l = -4 + i. Calculate w(l).
8
Let q(s) = -203 + 0*s + 215 + 0*s + s. Give q(-11).
1
Let y(x) = x - 6. Let d be y(7). Let t = 3 + -2. Let c(o) = -t - 3*o - 3*o + 2*o. Calculate c(d).
-5
Suppose 5*q + 5*z - 18 = 2*q, 5*z - 12 = -2*q. Let d(v) = v**3 - 6*v**2 + 5*v - 5. Calculate d(q).
25
Let p(k) = -k**3 + 6*k**2 + 5*k + 8. Suppose 3 = 3*h, -5*h + 33 = 3*v - 2. Suppose -3*a = -g - 1, -g + v + 5 = 5*a. Let j be a + (8 - (1 + 2)). Give p(j).
-6
Suppose -5*n = -5, -152*n = -5*u - 154*n + 47. Let s(d) = -3*d + 4. Determine s(u).
-23
Let r be ((-4)/8)/(29/(-14) + 2). Let o(g) = g - 10. Let p(v) = -1. Let x(t) = o(t) - 6*p(t). What is x(r)?
3
Let z(l) = -3*l**2 + 3*l**2 - 3*l**2 + 4*l - 5 - l**3. Let c = 40 + -31. Suppose 9 = -2*d - r - 0*r, -d - 5*r - c = 0. What is z(d)?
-5
Suppose -7*u - 36 = -85. Let g(y) = 3*y + 12. Let j(w) = -w - 4. Let a(o) = u*j(o) + 2*g(o). Give a(-5).
1
Let f(h) = -h**2 - 9*h - 8. Suppose 3*d = -8*d - 429. Let t = d + 33. Calculate f(t).
10
Let f = -29 - 7. Let g = 49 + f. Let d = 7 - g. Let z(j) = 2*j + 5. Determine z(d).
-7
Suppose -x - 3 = -2*x. Suppose 4*h - 3*z - 15 = 0, -x - 1 = -3*h - 5*z. Suppose 0 = h*k - 2*w - 21, -5 = 5*k + w - 27. Let q(n) = n - 4. Calculate q(k).
1
Let d(s) = -s - 15. Suppose 2*t = -2*a - 2, 8*a - t = 3*a + 1. Suppose -18*i + 20*i = a. Determine d(i).
-15
Suppose -4*n = n + 30. Let g(u) = -17*u - 169*u - 1 + 187*u. Determine g(n).
-7
Let x be 28/(-3) + (-48)/(-36). Let s be (-2)/(-11) - (-93)/33. Let i(t) = 12 - 4*t - s*t + 9*t. What is i(x)?
-4
Let x(v) = 3 - 5 + 13*v + 3. Suppose k - 6*k = 3*b + 19, 5*b + k - 5 = 0. Suppose 1 + b = -3*u. What is x(u)?
-12
Suppose -13 = -3*m - 7. Let x be m/((-24)/20)*-3. Let n = x + -6. Let z(j) = 15*j**2 + 2*j + 1. What is z(n)?
14
Let k(m) = -m**2 - 5*m + 16. Let t(r) = -r. Let g(q) = -k(q) + 6*t(q). Calculate g(0).
-16
Let d(y) = 2*y**3 + 1. Let h be d(1). Let z be (-5 - (-6)/h)*-1. Let o be (z/2)/((-21)/(-14)). Let n(v) = 2*v**2 - 2*v + 1. Determine n(o).
1
Let c(t) = -t**3 + 5*t**2 + 7*t + 8. Let y be c(6). Let w(n) = -3*n**2 + n + 1. Let r(j) = -5*j**2 - 13*j + 15. Let m(d) = r(d) - 2*w(d). Determine m(y).
-1
Suppose 0 = -3*j + 3*p + 3, -9*j = -4*j - 2*p - 14. Suppose 3*h - j*h = -4*k - 16, -2 = -h - 3*k. Let r(s) = -s + 2. Give r(h).
-6
Let j(n) = -3*n - 15. Let h(k) = -k - 5. Let t = -148 + 142. Let d(f) = t*j(f) + 17*h(f). Determine d(0).
5
Suppose 6*w - 34 - 2 = 0. Suppose -2*u = w - 0. Let i(r) = r**3 + 2*r**2 + 2*r. Give i(u).
-15
Let x = -16 + 18. Let p = 3 - x. Let o(s) be the third derivative of -s**5/12 - s**3/6 + 11*s**2. What is o(p)?
-6
Suppose 88 = 4*o + 5*s, 2*o + s + 3*s - 44 = 0. Let l(n) = 36*n - 1 - o*n - 16*n. What is l(6)?
-13
Let s(n) = -5*n + 2. Let b be s(5). Let z = 23 + b. Suppose z = 5*m - 0*m - 5. Let a(w) = -13*w**3 - w**2 + 1. Give a(m).
-13
Let y(p) = -10*p - 2. Suppose 0 = -2*f + 7*f + 160. Let l = f + 32. Let i be 1/(-2)*l + -2. Calculate y(i).
18
Suppose 0 = -5*j - 20 + 65. Suppose 0 = -4*d + 43 + j. Let u(t) = 11*t + 7 - d*t + 5 - 5. Determine u(6).
-5
Let w(f) be the second derivative of -2*f**5/5 - f**4/6 + f**2 - 273*f. Give w(1).
-8
Let k(o) be the third derivative of o**5/60 - o**4/2 - o**3/6 - 74*o**2. What is k(9)?
-28
Suppose l - 3*j + 5 = 6*l, 2*l = 5*j + 33. Suppose 0 = l*h + 1 - 29. Let r(o) = -o**3 + 7*o**2 - 2*o + 2. What is r(h)?
-12
Let h(d) = -d**3 - 41*d**2 + 5*d + 182. Let b be h(-41). Let n(f) = 2*f**2 + 46*f + 7. Determine n(b).
7
Suppose -4*t + 2*h + 0*h - 16 = 0, -3*h = -t + 1. Let g(m) = -2*m - 4*m**2 + 7*m + 2*m**3 - 3*m**3 - 6. Calculate g(t).
-6
Suppose -2*u - 18 = -5*u. Suppose 0 = 3*r + 3 - 12. Let o(k) = 0*k - k - 7*k + 3 + 7*k**r + 7*k**2 - 8*k**3. Give o(u).
-9
Let o be 1 + -6 + 3 + 0. Let x(k) = -k**3 - 2*k**2 + k - 1. Determine x(o).
-3
Let y(f) = -f**3 + 4*f**2 + 7*f - 8. Let a be y(5). Suppose -7*k - 24 = 4*i - 2*k, 0 = a*k. Let v(w) = -w**2 - 6*w + 8. What is v(i)?
8
Let x(k) be the first derivative of k**4/4 - 2*k**3 + 3*k**2/2 + 12*k + 155. What is x(5)?
2
Let c = 17 - 10. Let f(d) = 7*d**3 - 4*d**3 + d - 8 - 7*d**2 - 2*d**3. Give f(c).
-1
Let p(l) = l**2 + 5*l - 8. Suppose 0*d + 2*d = 220. Suppose -d*y = -108*y + 14. Give p(y).
6
Suppose 7 = -o - 3*b, 4*o - 2*b = b + 17. Let y(l) = -5*l**2 + 5*l - 8 - o*l**3 + l**3 + 10*l**2. Let v = -332 - -338. Calculate y(v).
-14
Let n be (8/(1 + -3))/(-1). Let r(d) = -6 + 7*d - n - 2*d**2 + 5. Calculate r(4).
-9
Suppose 36 = 3*v - 3*w + 9, 5*v - 43 = 4*w. Let f(j) be the first derivative of j**3/3 - 2*j**2 - 9*j - 485. Give f(v).
12
Let z(o) = o**2 - o - 4. Let f(x) = -x + 20. Let i be f(16). What is z(i)?
8
Let m(d) be the second derivative of -d**2 + 16*d + 0 + 1/3*d**3. Calculate m(4).
6
Let a = 29 - 34. Let c(g) = -7*g**3 - 8*g**2 + 10*g + 1. Let i(h) = -10*h**3 - 12*h**2 + 15*h + 1. Let d(s) = -7*c(s) + 5*i(s). Calculate d(a).
-2
Let k(d) be the second derivative of d**5/20 - 7*d**4/12 + 7*d**3/6 - 2*d**2 + 118*d. What is k(5)?
-19
Let j(c) = 121*c - 239*c + 122*c - 2. Give j(3).
10
Let p(i) = -7*i**3 + 19*i - 102. Let g(k) = k**3 - 3*k + 17. Let f(w) = 13*g(w) + 2*p(w). Suppose 4*v - 5*z = 0, 0*v = v + 3*z. Calculate f(v).
17
Let c(d) = -d**3 - 4*d**2 + 13*d + 11. Let z be 9*3/(-54)*-6*-2. What is c(z)?
5
Let n(d) = 7*d**3 - 17*d**2 - 31*d - 5. Let r(l) = -13*l**3 + 33*l**2 + 55*l + 11. Let k(y) = -11*n(y) - 6*r(y). Give k(10).
-1
Let f(q) be the third derivative of -5/3*q**3 + 0*q + 0*q**4 - 2*q**2 + 0 + 1/120*q**6 + 1/60*q**5. Determine f(0).
-10
Let h(o) = o + 3. Let g(v) = 8*v - 214. Let q be g(27). Calculate h(q).
5
Let t(v) = -v + 4. Let d be (2 + 0 + -7)*(1 - 2). Suppose -2*o - p + 19 = 0, 5*o - d*p = 22 + 48. Give t(o).
-7
Let h(n) be the first derivative of n**3/3 + n**2/2 - 2*n + 90. Let p = 12 - 16. Calculate h(p).
10
Let y(x) = -x**2 - x - 1. Suppose 11*u - 3*i + 8 = 15*u, -5*u + 10 = -2*i. Give y(u).
-7
Let i(q) = -4*q**2 + 3*q + 8. Let u(m) = m**2 - 1. Let p(a) = -i(a) - 3*u(a). Let h be p(4). Let c(g) = -3*g - 1 + 7*g**3 + 2*g + 0*g**3. Determine c(h).
-7
Let x(d) = 227*d + 5 + 227*d - 451*d - d**2. Determine x(4).
1
Let n(r) be the third derivative of -r**4/6 + 4*r**3/3 - 71*r**2 + 2*r. Determine n(5).
-12
Let b(o) be the first derivative of o**4/4 - 8*o**3/3 - o**2/2 + 10*o + 14. Let c be b(8). Let t(k) = -8*k + 0*k - 1 + 2*k**c + 4*k. Give t(3).
5
Let d(c) = -c**2 - 2*c + 7. Let o = 395 - 390. Determine d(o).
-28
Let t(q) be the second derivative of -q**4/12 - 3*q**3/2 + 5*q**2/2 + 194*q - 1. Calculate t(-10).
-5
Let b(r) = r**2 + 7*r + 12. Let z be b(-6). Let m(u) be the third derivative of -u**6/120 + 7*u**5/60 - u**4/4 + 2*u**2 + 